-2 - 60/(-9))*y/(-14)?
6
Suppose -4*z = 3*z - 217. What is the remainder when z/8 + (-10)/(-80) is divided by 1?
0
Let h = 1300 - 1151. What is the remainder when h is divided by 50?
49
Let p(t) = t**3 + 13*t**2 - 6*t - 69. Calculate the remainder when 151 is divided by p(-13).
7
Suppose -11*p + 263 = -771. Calculate the remainder when 287 is divided by p.
5
Suppose -10 = -0*r - 2*r. Suppose -g = r*g. Suppose 5*d - 59 - 26 = g. Calculate the remainder when 67 is divided by d.
16
Suppose 12*t - 821 - 331 = 0. Let f = -86 + t. Calculate the remainder when 48 is divided by f.
8
Suppose -4*d - 4*l + 120 = -3*l, d - 3*l - 17 = 0. Suppose 2*m - d - 128 = o, -2*o + 81 = m. Calculate the remainder when m is divided by 20.
19
Suppose -5*w = -3*y, 4*w + 7 = 2*y - y. Let j(x) = 2*x**2 - 4*x - 2. Calculate the remainder when 81 is divided by j(w).
25
Suppose 0 = -6449*o + 6436*o + 299. Calculate the remainder when 731 is divided by o.
18
Let p(g) = -18*g**2 - 23*g + 28*g + 4 + 11*g - g**3. Calculate the remainder when p(-19) is divided by 31.
30
Suppose -7*o + 42 = 7. Suppose 3*j = -j - v - 73, -2*v - 92 = 5*j. What is the remainder when (-302)/(-18) + (-4)/j is divided by o?
2
Let p = 124 - 123. What is the remainder when 24 is divided by p?
0
Let f(b) = -b**2 + 9*b - 6. Let o be f(6). Suppose o = 4*d - 4. Let r = 104 + -100. What is the remainder when r is divided by d?
0
Let u = 365 - 319. What is the remainder when u is divided by (-12)/(-2 - (-10)/8)?
14
Suppose -3*g = 30 + 45. Let a = g - -13. Let o = 22 + a. Calculate the remainder when 38 is divided by o.
8
Let h(l) = -3*l**3 + 4*l**2 + 3*l + 6. Calculate the remainder when 114 is divided by h(-2).
34
Let f be (-1)/2 - (-266)/28. Let c = 22 - f. Suppose -5*g = d + 2*d - 202, -5*g - 4*d + 206 = 0. Calculate the remainder when g is divided by c.
12
Let u = -404 + 418. What is the remainder when u is divided by 6?
2
Suppose 7*u = 6*u + 34. Let n be (-10)/(-4 + 8/4). Suppose n*k - 4*i + 2*i = 55, i = 3*k - u. What is the remainder when 36 is divided by k?
10
Suppose 0 = -7*v + 4*v + 2*r - 19, -3*r = -6. Let z = 25 + v. Let o(w) = -w**3 - 4*w**2 - 3*w - 3. Calculate the remainder when o(-5) is divided by z.
17
Let y(m) = -10*m + 26. Let l be y(-8). Let h be 6/33 - l/(-22). Suppose -h*u + 42 = -43. Calculate the remainder when 49 is divided by u.
15
What is the remainder when 30 is divided by (-262)/(-14) + 68/238?
11
Let l = 227 + -214. Suppose -3*m + 5*w = -5*m + 82, w = 3*m - 106. What is the remainder when m is divided by l?
10
Let g(x) = x**2 - 2*x - 1. Suppose 3*h = 5*h. Suppose -5*a + 4*i + 100 = h, -5*a + 5*i + 71 = -29. What is the remainder when a is divided by g(-2)?
6
Suppose -55 = 3*f + 5. Calculate the remainder when 91 is divided by (-625)/f - (-1)/(-4).
29
Let r = 55 - 4. Suppose 0 = 5*p - 2*z - 98, -4*p + p - 5*z = -34. What is the remainder when r is divided by p?
15
Let i be (-164)/14 - 10/35. Let r = 16 + i. Suppose -2*s + r*s - 23 = -y, s - 22 = -4*y. Calculate the remainder when 46 is divided by s.
6
Suppose -4*h + 36 = -2*u - 3*u, 0 = 3*h - 3*u - 24. What is the remainder when h is divided by (-6)/((-1 + 0)/((-64)/(-96)))?
0
Calculate the remainder when 19 + 1 + 35/5 is divided by 14.
13
Calculate the remainder when (-962)/(-2) - (-2 - -6) is divided by 32.
29
Let s = 100 - 94. Suppose -5*j + 131 - 36 = 0. What is the remainder when j is divided by s?
1
Let s be (-20)/(-2) - 4*1. Let b(m) = -5 + 3 + 7*m - 8. Calculate the remainder when b(s) is divided by 17.
15
Suppose -2*y - 23 + 29 = 0. Suppose 0 = -g - 2*k + 20, -4*k + 31 = 2*g - y*k. What is the remainder when 40 is divided by g?
12
Let i be -3*5/15*6. What is the remainder when (-320)/i - 34/(-51) is divided by 14?
12
Suppose 0 = 2*m + 2*m + 5*z - 82, -m - 5*z + 28 = 0. Calculate the remainder when m is divided by 11.
7
Suppose -8*t + 5553 = -1375. Suppose -5*l = -3*a - t, -3*l + 55 = -2*a - 464. What is the remainder when l is divided by 45?
40
Let u = -22 + 38. Let b = u - -17. Calculate the remainder when b is divided by 12.
9
Calculate the remainder when ((-31)/(-2))/(110/(-60) - -2) is divided by 27.
12
Let w(r) = r**2 + 2*r - 22. Calculate the remainder when 292 is divided by w(7).
5
Let w(z) = 38*z**2 + 4*z. What is the remainder when 192 is divided by w(-1)?
22
Calculate the remainder when -12*(-207)/12 + 10 is divided by 5.
2
Let a(g) be the second derivative of g**5/20 - 13*g**4/12 + 13*g**3/6 + 2*g**2 + 36*g. What is the remainder when 95 is divided by a(12)?
15
Let c(i) = i**3 + 10*i**2 - 4*i. Let v = 177 + -61. What is the remainder when v is divided by c(-10)?
36
Suppose 5*i - 48 - 17 = 0. Calculate the remainder when i is divided by (190/133)/(22/77).
3
Let q = 67 - 63. Suppose 4*b + w = 411, 3*b - q*w - 294 = -0*b. Calculate the remainder when b is divided by 21.
18
Suppose -26 = -2*q + q + 4*m, -6 = -2*m. Suppose 3*h - h + 10 = 0, 2*l - q = 2*h. Calculate the remainder when l is divided by 5.
4
Let x = 2248 - 2239. What is the remainder when 1446 is divided by x?
6
Suppose 2 + 4 = 3*g. Suppose g*y = y. Let v(c) = c**2 + c + 11. Calculate the remainder when 32 is divided by v(y).
10
Let b = -101 - -110. Calculate the remainder when (-1 - -3)/(12/78) is divided by b.
4
Suppose -286 = 226*m - 237*m. Calculate the remainder when 74 is divided by m.
22
Let w(x) = -x + 13. What is the remainder when (-1)/2*144/(-4) is divided by w(8)?
3
Calculate the remainder when 3556/36 + -4 + (-14)/(-63) is divided by 9.
5
Let d = 504 + -462. Calculate the remainder when 376 is divided by d.
40
Let l = 2276 - 3381. Calculate the remainder when (-2)/(l/365 - -3) is divided by 19.
16
Let a(u) = -17*u + 340. Calculate the remainder when a(-4) is divided by 10.
8
Let t = 60 - -162. Suppose -6*g + 0*g = -t. Calculate the remainder when g is divided by 10.
7
Calculate the remainder when -2 - -94*(-2 + (-10)/(-4)) is divided by (-3)/(-9) - 46/(-6).
5
Let o(h) = -6*h**2 - 3*h - 1. Let w be o(-3). Let q = -843 + 907. Let r = q + w. Calculate the remainder when 51 is divided by r.
15
Suppose 3*i = -3*j + 54, -2*j + 0*i + 4*i = -6. Calculate the remainder when 75 is divided by j.
10
Let l(q) = 58*q**2 + 2*q - 1. Let t be l(1). Suppose 3*m - 31 = t. What is the remainder when m is divided by 18?
12
Let x = 214 - 207. Calculate the remainder when 290 is divided by x.
3
Suppose 2*z = -l + 165, -4*z + 425 = z + 5*l. What is the remainder when z is divided by 2?
0
Let f be (29*1)/(-3 + 2). Let n = f + 48. What is the remainder when n is divided by 13?
6
Let x = 46 + -21. Calculate the remainder when x is divided by 19 + -3 + 0 + (-11 - -9).
11
Suppose -290 = -4*o - 118. What is the remainder when 472 is divided by o?
42
Let g(y) = 6*y - 1. Let c be g(-1). Let h(x) = x**2 + 5*x - 8. Let o be h(c). Suppose -2*m + o = -m. Calculate the remainder when 17 is divided by m.
5
Suppose 10 = -h - 9. Let n = h + 28. Let u(a) = a**2 - 7*a - 8. What is the remainder when 36 is divided by u(n)?
6
Let i = 27 - 18. Suppose 8*b = -0*b + 464. Let d = b - 42. What is the remainder when d is divided by i?
7
Let k(g) = -g**2 - 9*g - 14. Let x be k(-7). Suppose x = -5*o + 153 + 52. Calculate the remainder when o is divided by 22.
19
Let m = -385 - -390. What is the remainder when 38 is divided by m?
3
Let l = -189 + 394. What is the remainder when l is divided by 70?
65
Let x = 50 - 38. Let j(a) = -a**2 - 6*a - 4. What is the remainder when x is divided by j(-2)?
0
Let d = -50 + 46. Let t = 43 + -31. Calculate the remainder when (15 - d - -3) + 0 is divided by t.
10
Let i(r) = r**3 - 2*r**2 - 18*r - 9. Calculate the remainder when 96 is divided by i(6).
15
What is the remainder when 108/45*(10 + 45) is divided by (-8)/(-10)*(-170)/(-4)?
30
Let o(s) = 74*s**2 + s + 1. Calculate the remainder when o(-1) is divided by (-24 - -25)/((-3)/(-9)) - -16.
17
Suppose -5*s - 3*m = -103, 5*m + 112 = s + 3*s. Let c = -21 + s. What is the remainder when c is divided by 2?
0
Suppose -13 = -5*c - o, -4 = -0*c - 2*c - o. Let l = -6 + 8. Suppose l*y - 4*y = -q - 16, 2*q = y - 11. What is the remainder when y is divided by c?
1
Suppose -3*g - 169 = -b, 2*b - 318 = 2*g - g. Suppose b = 6*i + 19. Calculate the remainder when i is divided by 13.
10
Suppose -6*t - 2*r + 35 = -t, -5*